 multiple of 415?
False
Does 39 divide 6084?
True
Is 1184 a multiple of 37?
True
Is 10 a factor of 2530?
True
Is 11020 a multiple of 21?
False
Is 1303 even?
False
Is 99 a multiple of 14?
False
Is 287 a multiple of 5?
False
Does 4 divide 4952?
True
Is 88 a factor of 5367?
False
Is 11 a factor of 2805?
True
Is 1798 a multiple of 12?
False
Is 16146 a multiple of 23?
True
Does 13 divide 19518?
False
Does 6 divide 6961?
False
Is 77 a factor of 928?
False
Does 78 divide 3198?
True
Is 131 a multiple of 4?
False
Is 5908 a multiple of 4?
True
Is 9 a factor of 1278?
True
Is 553 a multiple of 34?
False
Is 6720 a multiple of 84?
True
Does 69 divide 56097?
True
Is 21960 a multiple of 12?
True
Is 18 a multiple of 3?
True
Does 21 divide 609?
True
Does 4 divide 2368?
True
Is 8 a factor of 748?
False
Does 53 divide 15900?
True
Is 870 a multiple of 15?
True
Is 127 a factor of 3302?
True
Does 2 divide 4112?
True
Is 10 a factor of 2368?
False
Is 20842 a multiple of 89?
False
Does 65 divide 260?
True
Is 8 a factor of 1376?
True
Does 6 divide 384?
True
Does 56 divide 2240?
True
Is 41 a factor of 1066?
True
Is 1716 a multiple of 13?
True
Is 44 a factor of 2433?
False
Does 21 divide 14525?
False
Is 4418 a multiple of 94?
True
Is 107 a multiple of 16?
False
Is 16234 a multiple of 193?
False
Is 3733 a multiple of 114?
False
Is 177 a multiple of 6?
False
Is 12 a factor of 3912?
True
Is 18 a factor of 218?
False
Does 14 divide 7926?
False
Does 13 divide 124178?
False
Is 22 a factor of 2597?
False
Is 4948 a multiple of 69?
False
Is 606 a multiple of 16?
False
Is 11 a factor of 596?
False
Is 86 a factor of 110?
False
Is 3932 a multiple of 103?
False
Is 12 a factor of 6624?
True
Is 4650 a multiple of 150?
True
Is 58 a factor of 8206?
False
Is 3294 a multiple of 61?
True
Is 48 a factor of 6912?
True
Is 10 a factor of 446?
False
Is 11 a factor of 23177?
True
Is 27071 a multiple of 35?
False
Is 41 a factor of 8913?
False
Is 15000 a multiple of 75?
True
Is 308 a multiple of 40?
False
Does 7 divide 11074?
True
Is 75 a factor of 2224?
False
Does 8 divide 20392?
True
Is 270 even?
True
Does 60 divide 1560?
True
Does 19 divide 38?
True
Is 559 a multiple of 2?
False
Is 18120 a multiple of 5?
True
Is 168 a multiple of 12?
True
Does 8 divide 2401?
False
Does 16 divide 2560?
True
Is 576 a multiple of 9?
True
Is 39 a factor of 4368?
True
Does 20 divide 17380?
True
Is 66281 a multiple of 79?
True
Is 9 a factor of 287?
False
Does 31 divide 2644?
False
Is 540 a multiple of 36?
True
Is 17 a factor of 25350?
False
Is 14 a factor of 10794?
True
Is 163 a factor of 7824?
True
Is 30680 a multiple of 130?
True
Does 63 divide 2769?
False
Is 63 a multiple of 9?
True
Is 58838 a multiple of 57?
False
Does 67 divide 64253?
True
Does 54 divide 27594?
True
Is 15124 a multiple of 11?
False
Does 183 divide 27568?
False
Is 8934 a multiple of 76?
False
Is 1090 a multiple of 41?
False
Is 163 a factor of 22331?
True
Does 56 divide 616?
True
Is 468 a multiple of 9?
True
Is 72 a factor of 30416?
False
Is 7 a factor of 674?
False
Is 262 a multiple of 14?
False
Does 16 divide 123?
False
Does 8 divide 1280?
True
Is 168 a multiple of 3?
True
Does 120 divide 16464?
False
Is 21 a factor of 15468?
False
Is 95515 a multiple of 16?
False
Is 1176 a multiple of 84?
True
Does 16 divide 58717?
False
Is 4056 a multiple of 78?
True
Does 52 divide 5096?
True
Is 21 a factor of 20588?
False
Is 3 a factor of 36?
True
Is 23261 a multiple of 16?
False
Is 2024 a multiple of 23?
True
Is 13 a factor of 1731?
False
Is 1386 a multiple of 18?
True
Is 156 a factor of 8424?
True
Does 3 divide 6?
True
Does 70 divide 9310?
True
Is 31 a factor of 21335?
False
Does 22 divide 3079?
False
Is 1134 a multiple of 21?
True
Is 32 a factor of 4672?
True
Is 3834 a multiple of 30?
False
Is 15 a factor of 7215?
True
Does 61 divide 353?
False
Is 76647 a multiple of 22?
False
Is 67727 a multiple of 154?
False
Is 22 a factor of 28?
False
Does 20 divide 8989?
False
Does 14 divide 2268?
True
Does 18 divide 90?
True
Is 171 a factor of 3389?
False
Is 8 a factor of 499?
False
Does 56 divide 76200?
False
Is 8 a factor of 19879?
False
Is 5 a factor of 90?
True
Is 450 a multiple of 50?
True
Is 2774 a multiple of 13?
False
Is 1919 a multiple of 101?
True
Is 13 a factor of 325?
True
Is 8 a factor of 566?
False
Is 104 a factor of 3120?
True
Is 1356 a multiple of 80?
False
Is 6 a factor of 5622?
True
Does 8 divide 1689?
False
Is 72 a factor of 18980?
False
Does 42 divide 109226?
False
Is 14 a factor of 1747?
False
Does 47 divide 22607?
True
Is 44880 a multiple of 12?
True
Is 45 a factor of 203?
False
Does 148 divide 6794?
False
Is 8067 a multiple of 20?
False
Is 5640 a multiple of 20?
True
Is 10 a factor of 430?
True
Does 72 divide 1803?
False
Does 17 divide 3729?
False
Is 76 a factor of 84057?
False
Is 52 a factor of 208?
True
Does 84 divide 50520?
False
Does 5 divide 1217?
False
Does 35 divide 35630?
True
Is 5 a factor of 325?
True
Is 30 a factor of 2370?
True
Is 8 a factor of 6000?
True
Is 4 a factor of 1476?
True
Does 4 divide 84?
True
Does 56 divide 451?
False
Is 2 a factor of 110?
True
Is 12 a factor of 28728?
True
Does 32 divide 11552?
True
Is 87 a multiple of 29?
True
Does 10 divide 1020?
True
Is 86 a factor of 344?
True
Is 75 a factor of 1725?
True
Does 19 divide 1406?
True
Does 20 divide 340?
True
Does 15 divide 246?
False
Does 5 divide 10225?
True
Is 6 a factor of 1524?
True
Is 10 a factor of 108?
False
Does 50 divide 5398?
False
Does 2 divide 6?
True
Is 747 a multiple of 5?
False
Is 22543 a multiple of 54?
False
Is 18 a factor of 3711?
False
Is 17874 a multiple of 204?
False
Does 70 divide 21910?
True
Is 16090 a multiple of 4?
False
Is 9 a factor of 1557?
True
Is 19 a factor of 1444?
True
Does 22 divide 37107?
False
Is 12 a factor of 84?
True
Does 4 divide 325?
False
Is 4 a factor of 1016?
True
Is 13 a factor of 443?
False
Is 40 a factor of 5160?
True
Is 36 a factor of 9468?
True
Is 21091 a multiple of 161?
True
Is 81360 a multiple of 240?
True
Does 6 divide 588?
True
Does 11 divide 2046?
True
Is 3 a multiple of 3?
True
Is 78 a factor of 7121?
False
Does 20 divide 97?
False
Does 9 divide 195?
False
Is 41 a factor of 123?
True
Is 54 a factor of 1620?
True
Is 9 a factor of 692?
False
Is 19755 a multiple of 21?
False
Is 18 a factor of 4392?
True
Is 45 a factor of 26891?
False
Does 73 divide 457?
False
Does 13 divide 11726?
True
Does 4 divide 7991?
False
Is 333 a multiple of 6?
False
Is 48 a multiple of 24?
True
Is 15370 a multiple of 53?
True
Is 8 a factor of 1000?
True
Is 11320 a multiple of 40?
True
Is 1314 a multiple of 74?
False
Is 10 a factor of 1743?
False
Is 25230 a multiple of 7?
False
Does 3 divide 188?
False
Does 3 divide 7809?
True
Is 14439 a multiple of 91?
False
Does 43 divide 559?
True
Is 3428 a multiple of 16?
False
Does 19 divide 94449?
True
Does 191 divide 21774?
True
Does 33 divide 314?
False
Is 152 a multiple of 19?
True
Is 31 a factor of 1160?
False
Is 204 a factor of 11220?
True
Is 101 a multiple of 9?
False
Is 41 a factor of 1857?
False
Does 55 divide 10505?
True
Is 18 a factor of 3556?
False
Does 12 divide 1658?
False
Does 120 divide 4897?
False
Is 9 a factor of 14174?
False
Does 2 divide 48?
True
Is 15 a factor of 1254?
False
Is 47 a factor of 1081?
True
Does 9 divide 37501?
False
Is 61178 a multiple of 26?
True
Does 30 divide 3120?
True
Is 8 a factor of 513?
False
Is 693 a multiple of 77?
True
Does 74 divide 9028?
True
Is 1357 a multiple of 38?
False
Is 29 a factor of 1360?
False
Is 10 a factor of 550?
True
Is 13 a factor of 5965?
False
Is 14399 a multiple of 121?
True
Does 17 divide 1275?
True
Does 28 divide 364?
True
Does 7 divide 21356?
False
Is 15 a factor of 9945?
True
Is 18 a factor of 486?
True
Does 70 divide 8042?
False
Is 89 a factor of 5963?
True
Does 28 divide 4003?
False
Is 10 a factor of 1310?
True
Does 21 divide 4389?
True
Is 1656 a multiple of 18?
True
Is 132 a multiple of 8?
False
Is 133 a factor of 8379?
True
Is 60 a factor of 8460?
True
Is 6141 a multiple of 19?
False
Does 3 divide 565?
False
Is 63708 a multiple of 55?
False
Does 135 divide 44270?
False
Is 9 a factor of 2029?
False
Is 858 a multiple of 23?
False
Does 9 divide 142?
False
Does 12 divide 4155?
False
Is 108 a factor of 1728?
True
Does 17 divide 306?
T